et h be ((-20)/(-8))/(r/(-16)). Calculate the greatest common factor of h and n.
20
Let s be 4750/4 - (-32 - 819/(-26)). What is the greatest common factor of s and 84?
12
Let g(r) = r**3 - 42*r**2 - 3039*r - 25. Let d be g(80). Calculate the greatest common divisor of 209 and d.
11
Suppose 3*m + 64 - 6 = x, 0 = x - 2*m - 62. Let b = x - 66. Let a be 10*20*(0/b - -1). Calculate the highest common factor of a and 25.
25
Let d(s) = -5*s + 11. Let r be d(-16). Suppose v + o + r = 4*v, v + 3*o - 27 = 0. Let c = -25 + v. What is the highest common divisor of 55 and c?
5
Let j be 106/689 - ((-969)/39 + 1). What is the highest common divisor of 1424 and j?
8
Let g = -393 - -435. Suppose -465*q = -464*q - g. What is the highest common divisor of q and 18?
6
Let b(v) = 5*v - 6. Let h be b(8). Suppose 4*q - 97 = -q + 4*p, -p - 37 = -2*q. What is the greatest common factor of h and q?
17
Let k = 13779 + -13767. Calculate the greatest common factor of k and 6858.
6
Let v = -2596 + 2881. Let w = 43 - 13. Calculate the highest common factor of v and w.
15
Suppose 0 = 5*x - 176 - 209. Let m = -71 + x. Let g be m/3*(3 - -1)/2. Calculate the highest common divisor of g and 4.
4
Let u = -23264 + 23932. What is the greatest common divisor of 152 and u?
4
Suppose -2*x = -2*s + 10, 4*s - x = 761 - 720. Calculate the greatest common divisor of 5616 and s.
12
Let l(f) = 7*f - 122. Let m be l(26). Suppose 64*g = m*g + 16. What is the highest common divisor of 44 and g?
4
Let k(j) = 13*j**3 - 83*j**2 + 4*j - 15. Let q be k(7). What is the highest common divisor of q and 10?
5
Suppose 2*a + 3*v - 531 = 0, -21*v = -2*a - 20*v + 519. Let f(t) = 2*t**3 - 2*t**2 - 2*t - 1. Let h be f(3). Calculate the highest common factor of a and h.
29
Suppose 4*v + 288 = -g + 578, -3*g + 286 = 4*v. What is the greatest common divisor of v and 2336?
73
Let v(o) = -10*o**2 + 40*o - 16. Let d be v(3). What is the highest common factor of 1883 and d?
7
Let k(x) = 106*x**2 - x. Let q be k(1). Let b = 160 - q. Suppose 0 = 3*j - 2*o - 57, -2*o + 91 = 7*j + 38. Calculate the highest common factor of b and j.
11
Let g(t) = 433*t + 8521. Let o be g(-19). What is the greatest common divisor of o and 3402?
42
Suppose o - 2*s - 26 = 0, 0 = -0*o + 4*o - s - 83. Let n(w) = w**3 + 7*w**2 + 5*w + 119. Let h be n(-8). Calculate the highest common factor of h and o.
5
Let p(n) = -n**2 + 2*n + 50. Let k be p(8). Suppose -172 = -4*o + k*t, 17*o = 18*o + t - 37. What is the highest common factor of o and 205?
41
Let k(d) = -d**2 + 30*d - 123. Let b be k(9). What is the highest common factor of b and 5379?
33
Let x be (2*-3)/(-1) - 7452/(-81). What is the greatest common factor of x and 252?
14
Let c(n) = -26*n + 35. Let b be c(-6). Suppose 0 = 5*j + 11 - b. Calculate the greatest common divisor of 270 and j.
18
Suppose -5*k = -3*a + 958, -454*a + 458*a + 2*k = 1286. What is the greatest common divisor of 6 and a?
3
Let x = 436 + -420. Let q(s) = s**3 - 17*s**2 + 18*s - 1. Let a be q(x). What is the highest common factor of 713 and a?
31
Suppose -3*t - 11 = -k, 3*k = 6*k - 3*t - 15. Suppose 2*d - 82 = -3*a - 2*d, -k*d = 4*a - 116. Calculate the highest common divisor of a and 390.
30
Suppose 964*t = 871*t + 8649. What is the highest common factor of 682 and t?
31
Suppose -2*j + 5*v + 214 = 69, 4*v = 5*j - 286. Calculate the highest common divisor of j and 34225.
25
Suppose -5 = -3*q + 2*q. Suppose -q*u = -56 - 514. What is the greatest common factor of 76 and u?
38
Let b = -1609 + 1649. Let v(z) = -16*z - 2. Let c be v(-2). Calculate the highest common factor of c and b.
10
Let x(t) = 51*t - 255. Suppose 9*c - 48 = 51. Let z be x(c). What is the highest common factor of z and 18?
18
Suppose -4*a = -5*o + 7, 4*o - 5*a = 7 - 5. Let y be 5/1 + (-3 - -2337)/o. What is the greatest common divisor of y and 29?
29
Let r(i) = 49*i + 258. Let f be r(-3). Suppose 24 = l - 50. What is the highest common factor of f and l?
37
Suppose 3*t + 48 = -12. Let q be (-5 - t/2)*2/5. Suppose -x + 74 = q*b, 0 = -3*x + b - 2*b + 212. Calculate the highest common factor of 7 and x.
7
Suppose -4*n = 4*z - 16, 5*n = z + 2*n. Suppose 12 = z*r + 3*y, 0*r - 3*y = r - 12. Suppose 4*m - 11 - 61 = r. Calculate the greatest common factor of m and 12.
6
Suppose -20*v + 2859 = 2679. Calculate the highest common factor of v and 3789.
9
Let k be (2/12)/((-5)/(-90)). Let b be 2/k*(56 - 44). What is the highest common divisor of 88 and b?
8
Let c be 128/32*((-3150)/(-4))/7. Calculate the greatest common factor of c and 1746.
18
Let t = -305 - -308. Let j = 80 + 30. Suppose j = -t*s + 8*s. What is the highest common factor of 77 and s?
11
Let z(m) = m**3 + 13*m**2 + 10*m - 18. Let l = -491 - -479. Let s be z(l). Calculate the highest common divisor of s and 102.
6
Suppose -9*t + 22 = -6*t + a, -5*a = -3*t - 2. Suppose 315 = -t*u + 705. What is the highest common divisor of 39 and u?
13
Suppose 243 = 44*o - 47*o. Let f = -28 - o. What is the greatest common divisor of 159 and f?
53
Let v be (5 - 9)/((9/18)/(-1)). What is the greatest common divisor of v and 1752?
8
Let a(p) = 2*p**2 + 3*p - 2. Let j be a(4). Let v = 20465 + -20402. What is the highest common factor of v and j?
21
Suppose 0 = 4*k + 3*v - 1478 - 1331, 21 = 3*v. What is the greatest common factor of k and 306?
17
Suppose -2*t - 30 = -7*t. Suppose -2*v + 22*z + 10 = 20*z, 3*z = -2*v - 10. Let h be 420/6 - (2 - v) - 3. Calculate the highest common factor of t and h.
6
Let a be (0/(-11 + 3))/2. Suppose a = 5*k + o + 3*o - 24, 4*k + 3*o = 19. Calculate the highest common factor of 80 and k.
4
Let k = 282 + -293. Let n be (420/(-16))/(k/264). Calculate the highest common divisor of n and 28.
14
Suppose -7*r - 105 = -70. Let g(s) = 24*s**2 + 8*s - 1. Let j be g(r). Calculate the greatest common divisor of j and 43.
43
Let k(f) = f**2 - 6*f + 4. Suppose 8*w - 6*w - 12 = 0. Let c be k(w). Suppose -1 = 3*l - 7, 5*y = -c*l + 288. What is the greatest common divisor of 84 and y?
28
Let j be (2871/(-33))/((42/8435)/((-12)/15)). What is the greatest common factor of j and 58?
58
Let p be (-69)/(-5) - (-4)/20. Let w(m) = 8*m**2 + m. Let g be w(6). Suppose 20*l = 13*l + g. What is the greatest common factor of l and p?
14
Suppose -29758 = -4*q + 2*c, 0 = 57*q - 56*q + c - 7438. Calculate the greatest common factor of q and 346.
173
Suppose 2*l + 0*h = -3*h + 76, 0 = l - 2*h - 38. Suppose -18*c - l = -19*c. Suppose -5*b + c = -42. What is the greatest common divisor of 16 and b?
16
Suppose 0 = 3*g - 3693 - 40779. What is the greatest common divisor of g and 136?
136
Let v = -387 - -391. Suppose -n + 595 = 3*o, -v*n + 9*n + 589 = 3*o. What is the greatest common divisor of 44 and o?
22
Suppose -97*r + 56 = -99*r. Let a be (-7)/r*1156 - -8. What is the highest common factor of a and 99?
99
Suppose -6*z + 5*z = 2*u - 12, -41 = -5*u + 3*z. Let l be 92 - (6/21 + (-23)/u). What is the highest common factor of l and 5?
5
Suppose -5*f + 66 = 41. Let y(u) = 11*u**2 - 7*u + 15. Let l be y(f). What is the greatest common divisor of l and 30?
15
Let o = -114 - -234. Suppose 543*k - 548*k = -o. What is the highest common factor of k and 264?
24
Suppose 4*q + 409*i - 11110 = 404*i, -4*q - 2*i + 11116 = 0. What is the highest common divisor of q and 25?
5
Let t = -2162 - -2190. Calculate the highest common factor of 2506 and t.
14
Let h = -351 + 205. Let p = h + 168. Calculate the highest common divisor of p and 11.
11
Suppose 6*s + 11*s - 2670 = 2*s. What is the greatest common divisor of s and 534?
178
Suppose -16*b + 6051 = -522 + 1533. What is the highest common factor of 2940 and b?
105
Let x(s) = 3*s**2 + 130*s - 2372. Let a be x(17). What is the highest common divisor of a and 465?
15
Suppose 2*q - 25 = -4*z + 5*z, 5*z + q = -136. Let j be (-1)/(3/z + 0). Let d = -88 + 196. What is the greatest common factor of d and j?
9
Suppose -7*c + 43*c - 576 = 0. Let z be -9*(c/24 + -1). Calculate the greatest common factor of 3 and z.
3
Let w be 2062/1031 - (-199 - 1*(1 - 2)). Let l be 61 + 13 - 1*-1. Calculate the highest common factor of l and w.
25
Let h be 1*9/3 + 71. Let z = h - 2. What is the highest common divisor of z and 9?
9
Let g(s) be the first derivative of -s**4/4 - 10*s**3/3 - 13*s**2 - 87*s - 293. L